ate (-9 - -2) + 4 - (-2 + 5).
-6
What is the value of -4 + 0 + 6 - 7?
-5
What is the value of 3 + (3 - 2) + -2 + -1?
1
Evaluate -4 + 3 + (0 - -3) + -1.
1
What is 4 + (4 - 4 - 2)?
2
6 + -6 + (3 - 5)
-2
What is the value of (0 - 1) + -7 + 12?
4
Evaluate (23 - 26) + (-1 - -1).
-3
Evaluate 21 + -18 + -2 + 5.
6
-7 - -3 - (-6 - -3) - -1
0
Evaluate 41 + -27 + -12 + 2.
4
What is -12 - -6 - (-4 + 1)?
-3
What is (2 - 2) + 2 + 4 + -2?
4
Evaluate -11 + 11 - (0 - -1).
-1
What is the value of (0 - ((1 - -7) + -5)) + -4?
-7
Evaluate 1 - 5 - (-8 - -2).
2
What is the value of (-1 - (-2 + -4)) + (4 - 6)?
3
Calculate (9 - 4) + (-7 - 4).
-6
Calculate (15 - 24 - 13) + 13.
-9
Calculate 8 + -1 - (4 + (2 - 3)).
4
What is 11 - 10 - (-3 + -1)?
5
Calculate 2 + -2 + -1 + (-5 - -2).
-4
What is the value of -2 + 2 + -7 - -3?
-4
Calculate -3 + (7 - (-1 + 2) - -3).
6
-1 + -2 + 1 + (-3 - -1)
-4
What is the value of 11 + -15 + (7 - 0)?
3
What is -1 - 2 - 9 - (-16 + 12)?
-8
What is the value of 3 - (10 - 2 - 0)?
-5
-3 + (8 - (1 + -1 + 3))
2
What is 10 - (1 + -1) - (8 + -1)?
3
What is the value of 3 + 0 + -5 - (-13 + 2)?
9
Evaluate 1 + -3 + 1 + (25 - 22).
2
Calculate 0 + (-6 - -11) + 0.
5
Calculate -6 - -2 - (-3 - -2).
-3
Evaluate 4 + (-3 - (-5 + 5 + 0)).
1
Calculate -2 - ((16 - 20) + (-2 - 2)).
6
What is -1 - (0 - 13) - (-266 - -273)?
5
Calculate 1 - (2 - 3) - 0.
2
Calculate -3 + 4 + -1 - (3 + 1).
-4
-1 - (-4 + 3 + -4)
4
Evaluate -3 + -3 + (-3 + 0 - -5).
-4
-3 + (0 - 1) - 0
-4
What is 5 - -2 - (-3 + 2 - -3)?
5
15 - (21 + -3) - (3 - 1)
-5
Evaluate 4 + 4 + -3 - 3.
2
Evaluate (3 - (0 - (-5 + 3))) + 2.
3
What is -5 + 3 + 0 - (-16 + 12)?
2
Calculate -1 + (5 - 3) - (-2 - 1).
4
What is -3 + (2 - 0) - 0?
-1
Calculate 0 + 2 + (2 - -3 - 4).
3
Evaluate 11 - (10 - (9 + (-3 - -1))).
8
What is the value of (-7 + 14 - 7) + (-1 - 2)?
-3
What is 0 + -5 + 3 + -3 + 3?
-2
What is the value of (0 - (0 - 0 - -1)) + -1?
-2
Evaluate (-3 + 5 - 7) + 7 + -3.
-1
What is (2 - 7 - (-4 + 3)) + 3?
-1
What is the value of (-1 - -6) + -9 - -7?
3
2 - -1 - (8 - (1 + 2))
-2
What is the value of 0 + (-6 - (-1 + -2))?
-3
What is 7 - (-7 - -21) - -3?
-4
(2 - 2) + -1 + 3 + -1
1
Evaluate -2 - (6 - 14) - (-1 + 3).
4
Evaluate 0 - (-4 + 9 + -3).
-2
What is 2 + -5 + -7 + 3 + 5?
-2
Evaluate 6 + -12 + 10 + -2.
2
Evaluate 2 - (7 - 4 - 4).
3
Calculate 4 + -9 + -7 + 21.
9
6 - (4 + -2) - -2
6
What is -9 + (-5 - (-10 + 3) - -3)?
-4
Calculate 7 + (-11 - (-7 + 8)).
-5
What is -1 - (2 - 4) - (2 - 2)?
1
-5 + -7 + 5 + 10
3
2 - ((1 - -7) + -1)
-5
((-5 - -3) + 4 - -1) + -6
-3
What is -6 - -8 - 11 - -5?
-4
What is the value of 4 + -2 + (0 - (0 - 1))?
3
Calculate -1 - -6 - (6 - (2 + 2)).
3
Evaluate 368 + -370 - (-2 - (-1 + 2)).
1
Evaluate 4 - (2 - (-4 + 0)).
-2
What is the value of -2 + -2 - (0 + (-1 - -2))?
-5
What is 3 - (1 + -7 - -6)?
3
(3 - (-3 - -2)) + -7 + -1
-4
What is the value of -1 + 0 + 7 + 10 + -15?
1
What is the value of 0 - 9 - (50 - 59)?
0
What is (4 - 0) + 4 + (1 - 4)?
5
Evaluate 7 + (4 - (9 - -6)).
-4
Calculate 9 - (0 + 4) - 5.
0
Evaluate 4 + -25 + 13 - -18.
10
-3 + 1 - (12 + -17)
3
Evaluate (0 - 0) + -1 + 1.
0
Evaluate -1 + 7 + (-4 - 12).
-10
What is 2 + (-11 - -2) + 7?
0
Calculate 0 + 6 + -6 + -6.
-6
What is the value of 5 + -1 + -5 - (-6 - -1)?
4
What is the value of 4 - (7 + (-3 - 12 - -7))?
5
Evaluate -1 + -2 - (-10 + (-4 - -9)).
2
What is the value of -1 - ((2 - 5) + 5 - 1)?
-2
What is -4 + 0 + -2 - (15 + -15)?
-6
Calculate (-1 - 1) + (20 - 10 - 12).
-4
Evaluate -5 + (-7 - (-13 + (13 - 6))).
-6
Evaluate 4 - (12 + -4) - -7.
3
What is -5 - ((0 - -4) + -1 - 5)?
-3
Calculate -21 + 34 - 9 - (1 - -11).
-8
What is -4 + (-2 - -2) - (-30 + 23)?
3
Calculate (-1 - -4) + -2 - (-8 - -13).
-4
(8 - 0) + -18 + 1 + 7
-2
Evaluate -5 - (-2 + -2) - 1.
-2
What is 3 + (-2 - 0) - (6 + -2)?
-3
Calculate -5 + 0 - (-5 + 10 - 10).
0
Calculate -98 - -105 - (1 - 2).
8
-4 - (0 - (3 + 4))
3
What is the value of (1 + 0 - -3) + (41 - 40)?
5
What is the value of -7 + 4 + 0 + 1?
-2
Evaluate -1 - (0 + (1 - (0 - -1))).
-1
Evaluate (1 - (-4 + 2)) + 1.
4
What is the value of -1 + 1 - (-1 + 4 + -5)?
2
What is the value of 0 + (-2 - -2) - (17 - 18)?
1
Calculate 14 - 22 - (3 + -17).
6
What is (3 - (0 + (2 - 1))) + 2?
4
Evaluate 5 + 5 - (-3 + 5) - 2.
6
Evaluate 1 + 18 + -8 - 4.
7
(8 - 3 - 1) + 16 + -17
3
Evaluate 3 + (-4 + 2 - 1).
0
What is 2 + 1 + 2 + -9?
-4
What is -2 - (-5 - (-5 + -2))?
-4
-2 - (-2 + 1) - -2
1
0 + 1 - 4 - (8 - 8)
-3
Calculate 1 - (2 - (-1 + -1 - -1)).
-2
Calculate (-1 - -12 - 4) + -13 + 2.
-4
What is 1 + -1 + 7 + -3 + -3?
1
What is the value of -5 - (1 - 8 - -4)?
-2
What is the value of 2 - (1 - 3) - (1 + 0)?
3
What is the value of (1 + -17 - (97 - 105)) + -2?
-10
What is the value of -1 + 2 + (2 - (0 + 1))?
2
What is the value of -8 + (1 - -2 - (5 - 2))?
-8
What is the value of -4 + (0 - (1 - 1)) + 10?
6
Evaluate -10 + (10 - (8 - 2)).
-6
61 - 66 - (2 + -13)
6
(-1 - -4) + 3 + -3
3
What is 3 + (4 + -3 + 2 - 7)?
-1
3 - (8 + (-4 - 2))
1
-4 + (4 - (-4 + 3))
1
Calculate -3 + 6 + 15 + -8.
10
Calculate 3 - (7 + 2 - 0).
-6
What is 8 - 5 - (-1 - -3)?
1
Calculate 8 + (-11 - (-14 - -7)).
4
Calculate (-1 - (-1 + -1)) + (-4 - -5).
2
Evaluate -13 + 21 - (5 + 3).
0
What is the value of -2 - -1 - (1 - -6 - 10)?
2
What is 1 + (3 - (13 - 2))?
-7
What is -6 - -16 - 21 - -5?
-6
What is the value of (-3 - (-5 + -1)) + -1 + 1?
3
What is the value of 2 + (0 - -5 - 11)?
-4
What is (-8 + 8 - (-3 - -6)) + 0?
-3
Calculate -2 + (-4 + 2 - -1).
-3
Evaluate -1 + (4 - 0) + -4.
-1
What is 10 + -4 + 8 + -12?
2
-7 + (-8 - -18 - -1)
4
What is the value of 1 + -6 - (0 - (0 - -1))?
-4
-4 - (0 - 1) - (11 - 19)
5
What is 3 - 7 - 1 - (-3 - -1)?
-3
What is 0 - ((3 - 5) + 2)?
0
Evaluate -4 + (-1 - -3 - (-5 + 4)).
-1
(30 - 13) + (-6 - 4)
7
Calculate 7 + 4 + -6 + -2.
3
What is the value of -2 - (-1 - (4 + -5))?
-2
What is the value of (-5 - (-9 - -16)) + 14?
2
What is 4 - (-3 - (1 - -1 - 4))?
5
Calculate 4 + (-22 - (-14 - (1 + -7))).
-10
Calculate -3 + 5 + -3 - -3.
2
What is (-27 - -21) + 7 + -1?
0
Evaluate -9 - -7 - (2 + -7 + 1).
2
What is the value of 7 - (-5 - -8 - -4)?
0
What is the value of 2 + 1 + (-1 - 2)?
0
What is the value of 4 + 1 + (99 - 96)?
8
Evaluate (4 - 2) + -12 + 9 + -2.
-3
Evaluate 1 - (7 + 4 + -6 + -6).
2
(-1 + 5 - (-3 - 0)) + -11
-4
(-1 - 0) + 4 + -4 - -2
1
What is the value of -4 + (-5 - -3) - -4?
-2
What is the value of (0 - -5) + -1 + -4 - 2?
-2
Calculate 44 + -47 - (1 - 8).
4
What is the value of (-1 - 5) + 5 + -3?
-4
What is (-2 - -1) + -42 + 47 - 2?
2
Evaluate 4 + 3 - 10 - (-1 - 2).
0
What is the value of -6 + 4 + (0 - 4)?
-6
35 + -32 - (-3 + 2)
4
Evaluate (2 - 6) + 15 + -16.
-5
Evaluate 0 + -5 + (-4 - -3).
-6
What is (5 - 19) + -1 - -18?
3
Calculate -2 - (-5 + 4 + 3).
-4
What is the value of -2 + 4 + (0 - 6) - 1?
-5
Calculate (-2 - 3) + 0 - -2.
-3
What is the value of -1 - (0 + -6 - -3) - -2?
4
Calculate -7 - (-13 + 1) - 7.
-2
Calculate (2 - (2 + 0)) + -4.
-4
What is the value of 3 - (3 - -3 - -4)?
-7
What is 3 - (5 + -10) - 2?
6
What is the value of -28 + 29 + 0 + -3?
-2
What is 5 - (7 - (6 + -1 + -2))?
1
(0 - (-2 + 3)) + (84 - 88)
-5
2 - (2 - 3) - (-38 + 51)
-10
What is the value of 9 + 0 - (22 + -9)?
-4
Calculate -6 + (4 + 1 - (-3 - -5)).
-3
Calculate -1 + (-2 - -5) + 0 + 2.
4
Evaluate 0 + -18 + -14 + 27.
-5
Calculate 5 - (2 - (-2 + 2)).
3
Evaluate -18 - -7 - -8 - (-1 - -2).
-4
1 - 4 - ((4 - 3) + 0)
-4
What is the value of -7 + (7 - (5 + -1))?
-4
Evaluate 13 - 4 - 3 - (-2 + -1).
9
What is the value of 4 + -6 + 7 + -3 + 5?
7
Evaluate 9 - (11 + -7 + 3).
2
7 + (-5 - 11) - (1 + -4)
-6
Calculate -11 - -1 - -4 - -16.
10
What is 0 - (0 - 2 - 3)?
5
What is 11 - (-13 - (-29 - 3))?
-8
Evaluate (-4 - (-2 - -1)) + -2.
-5
(-5 - 9 - -7) + 6
-1
7 - (-1 + 1) - 4
3
(2 + -12 + 4 - -7) + -6
-5
Calculate (0 - -4) + -14 - -6 - 0.
-4
Calculate (-7 + 4 - 0) + 3.
0
-1 + 1 + (-10 - -4)
-6
What is -4 + (1 - ((1 - 3) + 3))?
-4
(5 - 1) + 0 + -4
0
What is (-8 - 2) + 26 + -20?
-4
What is the value of -2 + -1 + -1 - -1?
-3
What is the value of -1 - 0 - (4 - 2)?
-3
Evaluate -6 + (9 - -3) - 8.
-2
What is -5 + 5 + -5 - -3 - 1?
-3
Evaluate (63 - 61) + (-1 - (0 + -2)).
3
Evaluate -1 - (-3 - (-3 + -2 + 4)).
1
What is the value of (1 - (-1 - 2 - 1)) + 0?
5
Calculate (9 - (-1 + 0)) + (